77
In base 14, what is -1 + a218c3c?
a218c3b
In base 14, what is ab5 + 782?
1457
In base 6, what is -130 + -23144314?
-23144444
In base 15, what is -137 + -3b871b?
-3b8853
In base 6, what is 22 + -23013113?
-23013051
In base 7, what is 335 - 353634?
-353266
In base 10, what is -20214291 + -25?
-20214316
In base 7, what is 13 - 6265341?
-6265325
In base 2, what is 1011001010 - -11001100111101101?
11001110010110111
In base 16, what is 15784 - -b18?
1629c
In base 12, what is 5109a972 - -3?
5109a975
In base 7, what is -426 - -460546?
460120
In base 8, what is 1436 + -1376?
40
In base 5, what is -44323001 + 40?
-44322411
In base 9, what is 1 - 26436835?
-26436834
In base 14, what is -218c7c + -6?
-218c84
In base 13, what is 17 + -1b08b0?
-1b0896
In base 13, what is -800c75a - 1?
-800c75b
In base 4, what is -200222103 + 32310?
-200123133
In base 8, what is -233261774 + 4?
-233261770
In base 13, what is -426050 + -a?
-42605a
In base 2, what is -100010000010110010000011110 - 10?
-100010000010110010000100000
In base 10, what is 0 + 563954?
563954
In base 4, what is -1020 + -2333012?
-3000032
In base 5, what is 32024320440 + -2?
32024320433
In base 7, what is 11153 - -320504?
331660
In base 2, what is 111 - 1001101010010101111001?
-1001101010010101110010
In base 2, what is -10011011100101100 - -11110100?
-10011011000111000
In base 7, what is -1210354 + 5136?
-1202215
In base 5, what is -221401230 + 302?
-221400423
In base 15, what is -eddc67 - -1?
-eddc66
In base 14, what is -5b36 + 1601?
-4535
In base 13, what is 1 - -181298?
181299
In base 11, what is -25953 - 2707?
-2855a
In base 12, what is -43091b195 + -3?
-43091b198
In base 6, what is 404054050 + -5?
404054041
In base 8, what is 615743 + 122?
616065
In base 2, what is -100110101111010011010001 - 0?
-100110101111010011010001
In base 12, what is -20562467 + -1?
-20562468
In base 16, what is 9ba9a - 32d?
9b76d
In base 4, what is -10 + 3220001110100?
3220001110030
In base 12, what is 1742205 - -60?
1742265
In base 2, what is -111111111101 - -1101111000000?
101111000011
In base 9, what is -1382 - 3882?
-5374
In base 9, what is -2 - 55202033?
-55202035
In base 11, what is 297192 - 594?
2966a9
In base 2, what is 1010101100110000111001 + 100?
1010101100110000111101
In base 11, what is -2525524 - 7?
-2525530
In base 10, what is 259853 - 1098?
258755
In base 12, what is -bb8081 - -1?
-bb8080
In base 4, what is 10 + -21110022032?
-21110022022
In base 11, what is -11 - 6729154?
-6729165
In base 15, what is 10db0 - -241?
11101
In base 14, what is 0 - -347b1d?
347b1d
In base 13, what is 256626b9 + 4?
256626c0
In base 5, what is -42413111030 - -13?
-42413111012
In base 13, what is -2 - -10aca608?
10aca606
In base 5, what is 21003222312 + -4?
21003222303
In base 15, what is -3b42 + -5338?
-8e7a
In base 5, what is 2232023 + 1224012?
4011040
In base 12, what is -a + 118638?
11862a
In base 9, what is -336806 - 37?
-336844
In base 6, what is 11 + 1222131444?
1222131455
In base 2, what is 100100100101001 - 110100011?
100011110000110
In base 5, what is -42 - 22111112014?
-22111112111
In base 7, what is -4 - -11120320?
11120313
In base 7, what is 0 - 6015110?
-6015110
In base 16, what is -473fa5 + 3?
-473fa2
In base 15, what is -2d3a52e - 2?
-2d3a531
In base 8, what is 16 + -145656?
-145640
In base 5, what is 2404002100 + -1?
2404002044
In base 14, what is 3aa9 - 3024a?
-2a581
In base 5, what is 304230210240 - -10?
304230210300
In base 6, what is 1325 - 40005034?
-40003305
In base 10, what is 5716 - -45494?
51210
In base 14, what is -3dbd3 + 379?
-3d858
In base 7, what is 53266412 + -10?
53266402
In base 6, what is -1221022054 - 0?
-1221022054
In base 12, what is 29145a1 + 2?
29145a3
In base 13, what is 4 + 2660a?
26611
In base 13, what is 3a81 - 1251b?
-b76a
In base 14, what is 34d + 39bb?
3d2a
In base 14, what is 1 + -571c2c?
-571c2b
In base 4, what is 200 + 12302003200?
12302010000
In base 12, what is -aa + -2a4419?
-2a4507
In base 4, what is 313202 + 111213033?
112132301
In base 6, what is -11303 + -104204?
-115511
In base 9, what is -15 - -172476?
172461
In base 12, what is 11 - -2394b716?
2394b727
In base 4, what is 12332203330 + -123?
12332203201
In base 13, what is 473325 + 23?
473348
In base 11, what is 9 - 37708a0?
-3770892
In base 3, what is 10021 + 10002000202?
10002011000
In base 6, what is 34 - 10114042?
-10114004
In base 2, what is -1100011011101101111000 - 1010?
-1100011011101110000010
In base 9, what is -1 + 767480627?
767480626
In base 11, what is 16 + 2212a2?
221308
In base 9, what is -4 - -821152771?
821152766
In base 15, what is -2b5 - 2985?
-2c4a
In base 12, what is -5 - -1b4b326?
1b4b321
In base 11, what is 14 + 1560877?
1560890
In base 4, what is -2000013 + 203032?
-1130321
In base 16, what is -3c + -b0336?
-b0372
In base 13, what is -18 + 12b258?
12b240
In base 16, what is -20fe1 - -46?
-20f9b
In base 5, what is -1131202044410 + 1?
-1131202044404
In base 6, what is 15504 + 24121?
44025
In base 14, what is -8bc7 + 4206?
-49c1
In base 4, what is 1 - 210111122120?
-210111122113
In base 7, what is 146265 + -1353?
144612
In base 16, what is -11 - 1046549?
-104655a
In base 10, what is -204 - 2032?
-2236
In base 15, what is 6075 - -701?
6776
In base 7, what is -5216341152 - -2?
-5216341150
In base 13, what is -176c + aac?
-990
In base 8, what is -4563520170 - 2?
-4563520172
In base 7, what is 2114 + 65230?
100344
In base 10, what is -40 + -28137?
-28177
In base 14, what is -d + 1011c19?
1011c0a
In base 4, what is 301010033 + 1013?
301011112
In base 5, what is 1132023101 + -231?
1132022320
In base 13, what is 395a4995 - -5?
395a499a
In base 5, what is 212243440032 - 2?
212243440030
In base 3, what is -101022101002112222 - 0?
-101022101002112222
In base 9, what is -2082857 - -427?
-2082430
In base 6, what is -10451 - -20013233?
20002342
In base 10, what is -258531 + -42?
-258573
In base 6, what is -3 + -53522112332?
-53522112335
In base 11, what is 81809312 - 2?
81809310
In base 16, what is -745fa + b?
-745ef
In base 15, what is -8 - 15e383?
-15e38b
In base 5, what is -243401001 + -1031?
-243402032
In base 12, what is a - 2a28a189?
-2a28a17b
In base 14, what is 48a - -2a08?
3094
In base 2, what is -11110111 - -10011010111110001?
10011010011111010
In base 4, what is -2 + 20120221231?
20120221223
In base 6, what is -14125233553 + 1?
-14125233552
In base 7, what is -2254 + -131045?
-133332
In base 11, what is -62 + -391418?
-39147a
In base 13, what is -b004 - 806?
-b80a
In base 14, what is 0 - -1029154a?
1029154a
In base 8, what is 140 - -12262?
12422
In base 11, what is -291a9638 + -4?
-291a9641
In base 14, what is 2216020a - -5?
22160211
In base 8, what is 407171 - 111?
407060
In base 7, what is 1 - 1016334661?
-1016334660
In base 7, what is 1406165 - 102?
1406063
In base 8, what is 325 + 1744742?
1745267
In base 14, what is 1 - -3849d44?
3849d45
In base 10, what is 521430 - -194?
521624
In base 10, what is -74 - 77967?
-78041
In base 2, what is 110011101011011011 - -110?
110011101011100001
In base 6, what is 2 + 1445123100?
1445123102
In base 5, what is -100102 - -4413032?
4312430
In base 14, what is 214c9c6 + 6?
214c9cc
In base 9, what is -535858212 - 3?
-535858215
In base 9, what is 170357153 - -5?
170357158
In base 12, what is 1 - -67813827?
67813828
In base 3, what is 1112010110102210110 - 1?
1112010110102210102
In base 7, what is 10 + -4045215?
-4045205
In base 14, what is 364d4 + 326?
3681a
In base 2, what is -1000111110111110011010 - -1011110?
-1000111110111100111100
In base 5, what is 1002 - 1442413?
-1441411
In base 4, what is 32212023 + -13301?
32132122
In base 12, what is 89802 + 38?
8983a
In base 6, what is -34 + -240152342?
-240152420
In base 15, what is -6862d65 + -8?
-6862d6d
In base 14, what is -4 + 83d5d89?
83d5d85
In base 4, what is 21033 - -2023012213?
2023033312
In base 11, what is -11584 - -6829?
-5856
In base 11, what is -34349 - -145?
-34204
In base 13, what is -71 + -233093?
-233134
In base 10, what is 158193362 + 5?
158193367
In base 8, what is 266 + -24250700?
-24250412
In base 15, what is c81cc8 - 0?
c81cc8
In base 9, what is 67644385 + -4?
67644381
In base 4, what is 21131 + -3223322?
-3202131
In base 9, what is -474 + -1850?
-2434
In base 6, what is 445 + -20042021?
-200